85120877 a composite number?
True
Is 4975158619 a prime number?
True
Is 1567766099 composite?
False
Is 631286633 composite?
True
Is 1507264823 a composite number?
False
Is 13119057929 prime?
False
Is 215783833 a composite number?
True
Is 161395873 prime?
True
Is 10757113121 composite?
False
Is 538631749 composite?
False
Is 2006183057 a composite number?
False
Is 389863949 a composite number?
True
Is 833178037 a prime number?
True
Is 16330593037 composite?
True
Is 433090891 prime?
True
Is 268067593 a composite number?
False
Is 6182624309 composite?
False
Is 23459232383 composite?
True
Is 868713898235 a prime number?
False
Is 317006867 a prime number?
False
Is 39193224179 composite?
True
Is 847996463 a prime number?
False
Is 1279984235 prime?
False
Is 1802954509 a prime number?
False
Is 755068247 a prime number?
False
Is 1448914837 composite?
False
Is 180966083 composite?
False
Is 11440549727 prime?
True
Is 461451343 a composite number?
False
Is 19955587679 prime?
False
Is 775076089 composite?
False
Is 1067840107 prime?
False
Is 200329615489 a composite number?
False
Is 166276575473 a composite number?
False
Is 2055082909 composite?
True
Is 3993324389 a composite number?
True
Is 3592314107 a composite number?
True
Is 2860483957 a prime number?
True
Is 7349822479 a prime number?
False
Is 24913400773 a composite number?
True
Is 27671814143 prime?
False
Is 224930677 composite?
True
Is 3632343823 composite?
True
Is 3239099441 composite?
True
Is 176496809 composite?
True
Is 491422634 a prime number?
False
Is 1167697819 prime?
False
Is 714562477 composite?
True
Is 1043600653 a composite number?
True
Is 1503142747 prime?
True
Is 12786927511 a composite number?
True
Is 4586190951 composite?
True
Is 10831614791 prime?
False
Is 10273747687 a composite number?
True
Is 2960914717 prime?
False
Is 24169385 composite?
True
Is 561287689 prime?
False
Is 3381522509 prime?
True
Is 2449916437 composite?
False
Is 39270661739 prime?
True
Is 6660150683 a composite number?
True
Is 92156436461 a composite number?
False
Is 8442832081 a composite number?
False
Is 7138931707 a composite number?
False
Is 233122217 prime?
True
Is 162673807 a composite number?
False
Is 23293275899 a composite number?
False
Is 35767961557 composite?
False
Is 10044062141 composite?
True
Is 138457154765 a composite number?
True
Is 3043021073 a prime number?
True
Is 5391523177 prime?
True
Is 7889469391 a prime number?
False
Is 1223825423 a prime number?
False
Is 1772667629 composite?
True
Is 13801413761 composite?
True
Is 2039681587 prime?
True
Is 32448588905 a composite number?
True
Is 647556521 a prime number?
True
Is 1793270663 a composite number?
False
Is 12467251609 composite?
False
Is 1837023917 a prime number?
False
Is 445858031 composite?
True
Is 582310579 prime?
True
Is 26203823231 composite?
False
Is 3549047009 a composite number?
False
Is 103369067 composite?
False
Is 2564235461 a composite number?
False
Is 4600206587 prime?
True
Is 323468921 composite?
False
Is 17402356243 prime?
True
Is 10566293446 a prime number?
False
Is 2240957711 a prime number?
False
Is 988840297 a prime number?
True
Is 11326724339 a composite number?
True
Is 412208323117 composite?
False
Is 235859693 composite?
True
Is 8997018847 prime?
True
Is 692364749 composite?
False
Is 3056728861 a composite number?
False
Is 38027467579 a prime number?
False
Is 519813638 a composite number?
True
Is 2719024933 a prime number?
True
Is 2276016591 a composite number?
True
Is 15016832393 a composite number?
False
Is 6977309617 a prime number?
True
Is 330777287 composite?
False
Is 322382537 composite?
False
Is 955019473 composite?
True
Is 2221067989 a composite number?
True
Is 265577051 a prime number?
False
Is 37469801 composite?
True
Is 123659441 a composite number?
True
Is 14448543281 a prime number?
True
Is 751022023 a prime number?
False
Is 1440779693 composite?
False
Is 16822770709 composite?
False
Is 304565441 a prime number?
True
Is 4248531187 a composite number?
False
Is 6339730391 a composite number?
True
Is 14245990103 a composite number?
False
Is 43743733017 prime?
False
Is 49400933 a prime number?
False
Is 7572163049 a prime number?
False
Is 38056521577 composite?
True
Is 2469029263 a composite number?
False
Is 2065623929 composite?
False
Is 14754199 composite?
True
Is 87781069867 composite?
True
Is 745928927 composite?
True
Is 27077003003 prime?
True
Is 58188312257 composite?
False
Is 941314963 a prime number?
True
Is 2736591118 a composite number?
True
Is 93169617063 prime?
False
Is 197526503 prime?
True
Is 4244473931 composite?
False
Is 11111762195 prime?
False
Is 9420692263 composite?
False
Is 479791261 a prime number?
False
Is 14002400063 a prime number?
False
Is 359469479 a prime number?
False
Is 7561179113 prime?
True
Is 18948824161 prime?
False
Is 4351256517 a prime number?
False
Is 42074674289 a prime number?
True
Is 2587216759 a composite number?
True
Is 836282099 composite?
False
Is 23432369117 prime?
False
Is 5045466319 prime?
True
Is 5431982671 a composite number?
False
Is 534347881 composite?
True
Is 1369537009 prime?
True
Is 896019821 prime?
True
Is 1047551426 a composite number?
True
Is 8400324043 prime?
False
Is 989958013 a prime number?
False
Is 108744944585 a prime number?
False
Is 133760896261 composite?
False
Is 409982345 composite?
True
Is 6366761291 a prime number?
False
Is 9387112453 a prime number?
False
Is 5813460143 a prime number?
False
Is 928881931 a prime number?
True
Is 1622237147 a prime number?
True
Is 2960951527 prime?
True
Is 636365231 a prime number?
True
Is 363261061 a prime number?
False
Is 22995606929 composite?
True
Is 108950753 prime?
True
Is 43208555081 a composite number?
True
Is 1110988217 composite?
True
Is 488107915 a prime number?
False
Is 2210961329 a composite number?
True
Is 620711723 prime?
True
Is 858705145 composite?
True
Is 16344575209 composite?
True
Is 506111059 a prime number?
True
Is 290498503 composite?
True
Is 5245749193 composite?
False
Is 45732540677 a composite number?
True
Is 25730578 a prime number?
False
Is 1122718799 prime?
False
Is 11251034891 a composite number?
False
Is 59718643 composite?
False
Is 2059393159 a composite number?
True
Is 6417254321 a composite number?
True
Is 1816503109 composite?
True
Is 186257833 a composite number?
False
Is 2697199559 a prime number?
False
Is 1276386347 a composite number?
False
Is 3211164491 composite?
True
Is 3500207297 composite?
True
Is 375109711 prime?
False
Is 5466230399 prime?
False
Is 292857763 composite?
True
Is 5813649187 composite?
False
Is 42764992457 composite?
True
Is 1113546913 a prime number?
True
Is 7577392323 a prime number?
False
Is 2230817293 a prime number?
False
Is 19423915853 composite?
False
Is 15107622263 a composite number?
False
Is 671177098 prime?
False
Is 40083483943 prime?
True
Is 1228731013 a prime number?
True
Is 11924269141 composite?
True
Is 3133384949 composite?
False
Is 257559461 composite?
True
Is 10464994651 a composite number?
False
Is 18839273645 a composite number?
True
Is 4499520227 a prime number?
True
Is 6924412897 a prime number?
False
Is 5175822191 prime?
False
Is 70422019 composite?
True
Is 4971706631 composite?
False
Is 1019351351 a composite number?
False
Is 133918613 prime?
False
Is 3428300713 composite?
False
Is 1412718739 a composite number?
False
Is 6677859889 prime?
True
Is 2661734299 a prime number?
False
Is 581144281 a composite number?
False
Is 63953963 composite?
False
Is 643502059 prime?
True
Is 1262643313 prime?
False
Is 1664506109 a composite number?
True
Is 118773157 prime?
True
Is 1877928743 a prime number?
True
Is 1746382501 a composite number?
False
Is 5563072483 prime?
True
Is 37614377183 composite?
True
Is 99090414767 a prime number?
False
Is 1051096727 a prime number?
True
Is 18319442269 prime?
True
Is 40366167217 prime?
True
Is 17003410393 a composite number?
True
Is 310600609 prime?
False
Is 23987891831 a prime number?
False
Is 16673520907 composite?
True
Is 3708040141 prime?
False
Is 614533147 a prime number?
True
Is 2410820539 prime?
False
Is 111816727909 composite?
False
Is 36817399159 a composite number?
False
Is 1820595661 composite?
False
Is 49327629161 a prime number?
True
Is 3235968899 composite?
False
Is 101478788009 composite?
F